 r**4/6 + 2*r**3/3 - 7*r**2/2 + 2*r. What is the remainder when 243 is divided by m(y)?
38
Let s be (-9)/(-45) + (177/(-5))/(-3). Suppose 5*w + 329 = s*w. Let j = w + -9. Calculate the remainder when j is divided by 21.
17
Let y(j) = -91*j - 1203. Let n be y(-13). Let m(o) = o**2 - o - 2. Let r be m(6). Let f = n + r. What is the remainder when 20 is divided by f?
4
Suppose -3*j - 2*l + 1157 = 0, 5*j - 80*l + 78*l - 1939 = 0. What is the remainder when j is divided by 28?
23
Let x = 128 + -54. Let j = 82 - x. Suppose 2*q + 5*a - 14 - 16 = 0, 30 = 2*q - a. Calculate the remainder when q is divided by j.
7
Calculate the remainder when 3*-12*((-2856)/(-63) + 7)*-1 is divided by 325.
259
Suppose x + 5*c + 306 = -519, 0 = 4*x - 3*c + 3254. Let m = x + 1222. Calculate the remainder when m is divided by 82.
79
Let m = 65 - -241. Let p = -859 + 862. Suppose -p*b + 20*b - m = 0. What is the remainder when 50 is divided by b?
14
Suppose -4*c + 563 = 3*p, 357 = -11*p + 13*p - c. Calculate the remainder when p is divided by 6.
1
Suppose 4*k - 4*p + 2 = 46, -3*p + 15 = 5*k. Let a = 11 + -18. Let c(h) = -h + 2. Calculate the remainder when c(a) is divided by k.
3
Let u = 3787 + 59. What is the remainder when u is divided by 35?
31
Suppose -3*h - l + 204 = 0, -4*h + 264 = -166*l + 170*l. What is the remainder when 548 is divided by h?
65
Let s = 7013 + -5910. What is the remainder when s is divided by 366?
5
Let y = 79 + -162. Let q = y - -95. Calculate the remainder when 286 is divided by q.
10
Let h = -50 + 114. Suppose -2*g + 4*a = -h, 0*g + 5*a - 151 = -3*g. Suppose 0 = -5*z + 3 + g. Calculate the remainder when 98 is divided by z.
8
Let a = -53 - -10. Let c = 66 + a. Suppose t + 351 = 28*t. Calculate the remainder when c is divided by t.
10
Let w = 347 + -199. Let h = w - -100. What is the remainder when h is divided by 42?
38
Let a = -13210 - -14199. What is the remainder when a is divided by 66?
65
Suppose 4*y - 5*r - 97 = 0, -2*y - 2*r + 2 = -42. Let u(w) = -w**3 - 33*w**2 + 69*w + 8. What is the remainder when u(-35) is divided by y?
20
Let n(l) = -l**3 - 10*l**2 + 11*l - 1. Let d be n(-11). Let i be (0 - (d + 1) - 78)*-1. Calculate the remainder when 49 is divided by i/9*9/6.
10
Suppose 8 = 4*b, -5*h = -5*b + 141 + 29. What is the remainder when 4 is divided by (6 - 0) + 29 + h?
1
Suppose 4*f - 2*t = -2, -3*f + 0 = 2*t - 16. Suppose -26*c - 220 = -31*c - u, 0 = f*c + 5*u - 88. What is the remainder when c is divided by 13?
5
Suppose 4*p - f - 36 = p, 13 = 2*p + 3*f. Suppose p*s - 113 = 107. Suppose 3*x + m - 9 = x, 0 = -3*x + 3*m. Calculate the remainder when s is divided by x.
2
Suppose 9*z - 13175 = 5*y, -2*y - 5842 + 1451 = -3*z. What is the remainder when z is divided by 25?
15
Let m(q) = -q**3 + 12*q**2 - 18*q - 25. What is the remainder when 2993 is divided by m(6)?
5
Suppose 20 = 66*i - 62*i, -500 = -5*k - 5*i. Calculate the remainder when 567 is divided by k.
92
Calculate the remainder when 1/(-3) + 10285/165 is divided by 67/4 + (-11)/(-44).
11
Let c(y) = -2*y**2 - 2*y + 7. Let u be c(6). Let o = u - -185. What is the remainder when o is divided by 30?
18
Suppose -7*n - 7 = -8*n. Let h be (5 - -2)/((-1)/(-4)). Suppose 0 = c + 9 - h. What is the remainder when c is divided by n?
5
Let m(b) = -708*b + 156. What is the remainder when m(-4) is divided by 34?
30
Let a be 3*832/24*(-4)/(-16). Calculate the remainder when 198 is divided by (-708)/(-7) + a/(-182).
97
Suppose -31*i = -145 - 41. Suppose i = -y + 7, a - 33 = -5*y. Calculate the remainder when 754 is divided by a.
26
Suppose 6*b + 12 = -2*q + 4*b, 6 = -4*q + 5*b. Let j(l) = 14*l**2 - 32*l + 4. What is the remainder when j(q) is divided by 51?
50
Let g(j) = 482*j**2 + 12*j - 107. Calculate the remainder when g(8) is divided by 17.
16
Let q(u) = u**3 + 61*u**2 + 120*u + 135. Calculate the remainder when 852 is divided by q(-59).
2
Suppose 10 = -15*u - 185. Let j(m) = -4*m + 49. Calculate the remainder when 211 is divided by j(u).
9
Calculate the remainder when 224 is divided by -3*1 + 18088/136.
94
Let m = -200 - -1249. What is the remainder when m is divided by 50?
49
Let i(w) = -2*w**3 - 4*w**2 - 2*w - 2. Let k be 5 + -1 - ((-84)/(-6) + -7). Calculate the remainder when i(-3) is divided by 6/2*50/(-90)*k.
2
Let d(v) = -v**3 + 6*v**2 - 4*v - 2. Let u be d(5). Suppose -2*q = u*q - 505. What is the remainder when q is divided by 18/(-48)*29536/(-213)?
49
Let k be 2/((-4753)/1589 - -3). Suppose -5*v = -2*r + k, -v - 8 + 9 = 0. What is the remainder when r is divided by 24?
20
Suppose -2*s - 140 = 6*t - 7*t, -4*t - 5*s = -651. What is the remainder when 275 is divided by t?
121
Let q = 2085 - 2066. What is the remainder when 8377 is divided by q?
17
Suppose 60 = o + 11*o. Suppose -4*m + 5*t = -56, o*m - 2*t = -7*t + 115. Calculate the remainder when 73 is divided by m.
16
Suppose -682*a = -693*a + 4609. Calculate the remainder when a is divided by 2.
1
Suppose 2*b + 5*r - 22 + 0 = 0, -3*b = r - 59. What is the remainder when 1196 is divided by b?
20
Let y(p) = 11*p + 88. Suppose 48*q - 6148 = 1628. What is the remainder when q is divided by y(-7)?
8
Calculate the remainder when (6/7 - 284/70)*-5 is divided by 0 + 2 + (-12)/(-3).
4
Let p(g) = -2*g + 7. Let x be 9/18 - (-1 - 5/2). Suppose -3*f + 97 = -2*f - d, x*f = -3*d + 409. Calculate the remainder when f is divided by p(-5).
15
Let g = -158 + 158. Suppose -10*c + 110 = -g. Calculate the remainder when 175 is divided by c.
10
What is the remainder when 1296 is divided by (-588)/36 - -18 - (-770)/6?
126
Let u(d) be the second derivative of d**5/20 - d**4/6 - 5*d**3/6 + 11*d**2 + 56*d. Calculate the remainder when 91 is divided by u(3).
11
Suppose 195*s + 987 = 216*s. Let a be ((-235)/(-10))/((-1)/10). Let v = a + 421. What is the remainder when v is divided by s?
45
Suppose 4*h + 622 = 218. Let r = -96 - h. Let m = -1 - -38. Calculate the remainder when m is divided by r.
2
Calculate the remainder when 101 is divided by 2/(-7 - 231/(-35)) - -16.
2
Suppose -4*f - 100 = -3*l, 5*f = 4*l - 3 - 131. Suppose -87 = 5*m + 2*w, -m - l = m + 2*w. Let v = 41 + m. What is the remainder when 141 is divided by v?
21
Let p be 4/8*(-1 - 273). Let g = 221 + p. Suppose 19*a - 5*a - g = 0. Calculate the remainder when 11 is divided by a.
5
Suppose -4*u + 1160 = -3*d, 5*d - 703 - 425 = -4*u. Calculate the remainder when u is divided by 193.
94
Let o(a) = 1609*a - 9586. Calculate the remainder when 25023 is divided by o(6).
67
Let x = 7080 - 7010. Let c = 33 + -4. What is the remainder when x is divided by c?
12
Let o(f) = 2*f**2 + f - 2. Let v(g) be the third derivative of g**5/20 + 49*g**4/24 - 7*g**3/3 + 279*g**2. What is the remainder when o(5) is divided by v(-17)?
13
Let y(g) = -12*g - 75. Suppose -7*c - 71 = 97. What is the remainder when y(c) is divided by 57?
42
Calculate the remainder when (-2)/(-16) + (-658)/(-112) + (0 - -163) is divided by (-124)/(-4) - 1*-4.
29
Let a be (22 + 1 + -1)/((-4)/(-144)). Let o = a - 489. Suppose -8*d + o = -665. What is the remainder when d is divided by 31?
28
Suppose -3*k = -a - 0*a - 1, -2*k = -4*a + 6. Let v = k - 1. Suppose v = 8*o - 13*o + 230. Calculate the remainder when o is divided by 25.
21
Suppose -2*u = -3*f + 106, 5*f - 3*u = 9*f - 130. Calculate the remainder when 675 is divided by f.
29
Suppose 2*f + 5*r - 300 = 390, -5*f + 1758 = -4*r. Let h = f + -296. What is the remainder when 320 is divided by h?
50
Suppose -2*v = -4*r - 2546, 4*v + 4 = -0. Let l = r - -700. Calculate the remainder when 502 is divided by l.
61
What is the remainder when (344/(-12) - -2)/((-3)/27) is divided by (902/44)/((-2)/(-4))?
35
What is the remainder when 1532 is divided by (-1 - 2)*(-49)/(1176/416)?
24
Let x be (-3)/(18/(-24)) - 2 - 21. Let h(v) = v**3 + 17*v**2 - 37*v + 35. Calculate the remainder when h(x) is divided by 5.
1
Calculate the remainder when (-3 + (-44856)/(-80) - 6/5)*2 is divided by 4.
1
Suppose -2*f = d + 265, -3*d = -7*f + 6*f + 795. Let b = -239 - d. Calculate the remainder when 121 is divided by b.
17
Let q be (-108)/(-30)*40/(-6). What is the remainder when 74 is divided by (186/q + 3)*-4?
17
Let t(m) = -7*m**2 - 4*m + 2. Let s be t(4). Let p = s + 151. What is the remainder when 197 is divided by p